+ r. What is the remainder when t is divided by 6?
5
Suppose -n = -0*n - 5. Suppose n*k + 112 = 3*s, -7*s + 2*s + 3*k + 192 = 0. Calculate the remainder when s is divided by 20.
19
Let h(y) = -y**3 + 6*y**2 + 3*y - 3. Suppose 0 = 2*q - 17 + 5. Calculate the remainder when (8/(-5))/((-10)/175) is divided by h(q).
13
Suppose u - 88 = -3*u. Suppose u = 5*b - 58. Calculate the remainder when 31 is divided by b.
15
Let y = 2 - 1. What is the remainder when (2/(-1))/(2/(-19)) is divided by 2/(-1 - y) + 8?
5
Let i(g) = g**2 + 11*g + 3. Let q be i(-12). What is the remainder when 36 is divided by (-1)/3 + 200/q?
10
Suppose 5*c - 6 = 9, -2*y + 4*c = -80. What is the remainder when y is divided by 12?
10
Suppose -5*l + o = -11, 0*l - o + 7 = l. Suppose 1 = 2*i + l. Calculate the remainder when 20 is divided by 1 + i + 14/2.
6
Suppose -1 = 4*u + 3. Let z = u - -3. Suppose -40 = -l - 4*o, -z*l + 3*o + 108 = 3*l. Calculate the remainder when l is divided by 13.
11
Let t be (-4)/(-10) + (-540)/(-25). Suppose -t = -3*h + h. Calculate the remainder when 41 is divided by h.
8
Let l(i) = 2*i**3 - 8*i**2 + 6*i - 10. Calculate the remainder when l(5) is divided by 18.
16
Let v(w) = -50*w - 2. Calculate the remainder when v(-1) is divided by 17.
14
Suppose 3*x - 5*i - 495 = -2*x, 0 = 3*x + 4*i - 290. What is the remainder when x is divided by 33?
32
Let n be 1085/(-20) + 1/4. Let x = 77 + n. Calculate the remainder when 67 is divided by x.
21
Calculate the remainder when (34/4)/((-88)/(-80) + -1) is divided by 29.
27
Let z be 104/10 - (-2)/(-5). Suppose 0 = -0*q + 5*q - z. Suppose 0 = -5*a + 2*s + 77, 4*a - 3*s - 22 = q*a. Calculate the remainder when a is divided by 9.
8
Let q(m) = -m + 23. Calculate the remainder when 26 is divided by q(13).
6
Suppose -23 - 8 = -d. Let s(k) = 2*k - 10. Let t be s(7). Suppose 5*w - 2*w + 3*y = 24, t*y + 56 = 4*w. Calculate the remainder when d is divided by w.
9
Suppose 0 = 2*b - 3 - 1. Let m be b/(-8) + 1/4. Suppose m = -3*z + 2*l + 174, z + 1 = -l + 59. What is the remainder when z is divided by 20?
18
Let k(q) = -q**3 - 7*q**2 - 5*q + 10. Calculate the remainder when 11 is divided by k(-6).
3
Suppose 4*y + 0*y - 56 = 4*o, -3*y + 38 = o. Suppose -3*v - 2*p - 38 + 149 = 0, 0 = 4*v - 3*p - 148. Calculate the remainder when v is divided by y.
11
Suppose -6*c = 29 - 161. What is the remainder when 64 is divided by c?
20
Suppose 0 = -u + 38 + 11. Let p(c) = 5*c + 2. Let j be p(2). Let l = 29 - j. Calculate the remainder when u is divided by l.
15
Let h = -4 + 23. What is the remainder when 245 is divided by h?
17
Let o(r) be the first derivative of -r**3/3 - 7*r**2/2 + 5*r + 2. Let q(g) = -g**3 + 2. Let v be q(2). Calculate the remainder when o(v) is divided by 6.
5
Suppose 3*i = -4*d + 250, 3*i - 280 = 6*d - 4*d. Calculate the remainder when i is divided by 13.
12
Let v be (-6 - -9)*(-5)/3. Let c = 20 + v. Calculate the remainder when 58 is divided by c.
13
What is the remainder when 246/2 + (7 - 7) is divided by 25?
23
Let r(n) = n**2 - 9*n - 17. Calculate the remainder when r(-7) is divided by 16.
15
Let s(w) = 8*w**2 + 1. Let n = 1 + -3. Calculate the remainder when s(n) is divided by 9.
6
Suppose 2*y + 2*f - 74 = f, -5*f = -2*y + 74. Let o = y - 10. Calculate the remainder when 52 is divided by o.
25
Suppose 4*w + 97 = 6*s - 3*s, 0 = -s - 2*w + 19. Let m(t) = -t**2 - 4. Let x be m(3). Let c = x + s. What is the remainder when 40 is divided by c?
12
Let f(l) = -2*l - 7 + 3*l + 4*l + 0*l. Let x = -13 - -27. What is the remainder when x is divided by f(3)?
6
Let t be 34 + -3*2/(-6). Suppose -6*b + b = -t. Suppose -4*f + 38 = -v - 35, -5*f = v - 98. Calculate the remainder when f is divided by b.
5
Let o = 90 - 86. Calculate the remainder when 21 is divided by o.
1
Let z(g) = g**3 + 9*g**2 + 2*g - 28. Calculate the remainder when z(-6) is divided by (-1 + (-44)/2)/(-1).
22
Suppose -5*a + a = -36. Let y = 13 - 9. Calculate the remainder when a is divided by y.
1
What is the remainder when 47 + -2 - (-15)/5 is divided by 17?
14
Let z(a) = a**3 + 4*a**2 - 7*a - 2. Let j = -31 + 20. What is the remainder when z(-5) is divided by j/(-2) + (-2)/4?
3
Let l = -18 + 13. Let w(r) = r**3 + 5*r**2 - r - 7. Let c be w(l). What is the remainder when 3/(-3)*c - -20 is divided by 6?
4
Suppose -f + 2*f = -8. Let i(h) = -h**2 - 8*h + 9. What is the remainder when 35 is divided by i(f)?
8
What is the remainder when 38 is divided by 63/6 + (-3)/6?
8
Let d = 11 - -4. Calculate the remainder when 25 is divided by d.
10
Let g(u) = -u**3 + 8*u**2 + 9*u - 9. Let f be g(8). Suppose 5*s + 8 = f. What is the remainder when 19 is divided by s?
8
Suppose -3*g + 132 = g. What is the remainder when g is divided by 24?
9
Suppose 4*q - 3 = 5, 0 = -3*t + 5*q + 14. Calculate the remainder when 14 is divided by t.
6
Suppose 2*y - 5*k - 278 = 0, 0*y - 2*k = -2*y + 278. Calculate the remainder when y is divided by 20.
19
Let y = 13 - 7. Let i(g) = -g + 10. What is the remainder when i(-5) is divided by y?
3
Let f(p) be the first derivative of -p**4/4 - 10*p**3/3 - p**2/2 - 4*p + 3. Suppose 22 - 56 = -2*w. Calculate the remainder when w is divided by f(-10).
5
Let o(b) = 2*b**2 + 3*b - 3. What is the remainder when o(2) is divided by 6?
5
Suppose 3*t - 19 = -5*h, -h = -t + 8 + 9. Let s(y) = 12*y - 2. Let a be s(3). Let k = 2 + a. What is the remainder when k is divided by t?
10
Suppose -4*n - 30 = -9*n. Let a = 19 - 8. Calculate the remainder when a is divided by n.
5
Let o be 5/2*(-16)/(-10). Suppose o*u = -5*i + 4238, 5*u = -4*i + 957 + 2437. What is the remainder when (-2)/3*i/(-12) is divided by 12?
11
Suppose 5*p - 100 = -5*t, p + 3*t = -4 + 30. Suppose 11 - 29 = 2*n. Let m = 42 + n. What is the remainder when m is divided by p?
16
Suppose -21*o - 96 = -29*o. Suppose -4*d - 8 = -2*v - 106, -5 = v. What is the remainder when d is divided by o?
10
Let i = -10 + -1. Calculate the remainder when 30 is divided by (-9 + 4)*i/5.
8
Let l(c) = 2*c**2 - 10*c + 15. Let h(z) = -z**2 + 5*z - 8. Let x = -19 - -13. Let w(j) = x*l(j) - 11*h(j). Calculate the remainder when w(3) is divided by 2.
0
Suppose 4*g - 2*r - 143 = 15, -4*g = -r - 163. Let w = g + -26. Calculate the remainder when 45 is divided by w.
13
Suppose 4*q - 28 = 3*y, -3*q = -2*y + 5*y. Suppose 4*i + 20 = 0, 3*x - q*i - 25 = 4*x. Let a(k) = -2*k - 6. What is the remainder when 11 is divided by a(x)?
3
Let z = 16 + 0. Let x be (-5 + 2)/((-1)/(-7)). Let b = x - -30. What is the remainder when z is divided by b?
7
Suppose 6*p - 9*p = -600. What is the remainder when p is divided by 41?
36
Suppose 0 = -b - 2*q - 4, -b = 2*q + 2*q + 2. Calculate the remainder when 23 is divided by (-48)/(-9)*b/(-4).
7
Suppose 3*p - 21 = 9. Let f = 278 + -259. What is the remainder when f is divided by p?
9
Let l = 3 + 0. Suppose l*p = -2 + 17. Suppose -2*t = t + 5*w - 99, -3*t + 129 = -p*w. What is the remainder when t is divided by 20?
18
Suppose -3*c - 5*r = 1, 4*r - 1 - 6 = -5*c. Let w(u) = -3*u**2 + 2*u + u**3 - 2 - 2*u**2 + 6*u**2. Calculate the remainder when w(c) is divided by 14.
12
Let b = 2 + -2. Suppose b = h - 2*h + 9. Let y = -52 - -77. Calculate the remainder when y is divided by h.
7
Suppose -2*z + 13 = 5*v - 157, 0 = 4*z. Calculate the remainder when v is divided by 19.
15
Suppose -41 = 5*s - 6*m + 2*m, 2*s + 6 = -m. Let a(c) = -1 + 3 - c - c**3 - 4*c**2 + 4*c + c. Calculate the remainder when 19 is divided by a(s).
5
Suppose 4*r = -3*t + 8 + 4, -5*r = 3*t - 12. Suppose -u = t*u - 55. What is the remainder when 20 is divided by u?
9
Let l(a) = 12*a**3 - 2*a**2 + 1. What is the remainder when 42 is divided by l(1)?
9
Suppose -45 = -f + 32. Calculate the remainder when f is divided by 16.
13
Suppose -5*g - 368 = -9*g. What is the remainder when g is divided by 19?
16
Suppose 4*o = -4*r - 8, -r + 5*o = -12 - 4. What is the remainder when 90 is divided by (r - 0) + (29 - -1)?
28
Let o be ((-12)/10)/((-6)/15). Suppose o*z - 10 = z. Suppose -2 + z = a. Calculate the remainder when 7 is divided by a.
1
Suppose 0 = 4*t - 21*t + 901. Suppose h - 4*h + 69 = 3*b, 25 = -5*b. Let w = h + -10. What is the remainder when t is divided by w?
17
Let l = -64 + 71. Calculate the remainder when l is divided by 1.
0
Suppose j - 4*i + 5*i 